{"id":3242,"date":"2026-04-22T22:06:26","date_gmt":"2026-04-22T22:06:26","guid":{"rendered":"https:\/\/cosmeticshop.com.co\/?post_type=product&#038;p=3242"},"modified":"2026-04-22T22:10:19","modified_gmt":"2026-04-22T22:10:19","slug":"rubor-horneado","status":"publish","type":"product","link":"https:\/\/cosmeticshop.com.co\/?product=rubor-horneado","title":{"rendered":"Rubor Horneado"},"content":{"rendered":"<p>Su alta pigmentaci\u00f3n permite realzar las mejillas con un tono modulable, adapt\u00e1ndose tanto a looks naturales como a maquillajes m\u00e1s intensos. Adem\u00e1s, ayuda a mejorar la apariencia de la piel, aportando un efecto m\u00e1s liso y lleno.<\/p>\n<p>Est\u00e1 enriquecido con Pro-vitamina B5, un ingrediente humectante que ayuda a suavizar la piel, proporcionando confort y contribuyendo a reducir la apariencia de imperfecciones.<\/p>\n<p>Su f\u00f3rmula est\u00e1 enriquecida con:<br \/>\n\u2022 Pro-vitamina B5 \u2192 hidrata, suaviza y ayuda a calmar la piel<br \/>\n\u2022 Aceites naturales \u2192 aportan una textura sedosa y mejor aplicaci\u00f3n<\/p>\n<p>El resultado es un rostro con un toque de color saludable, luminoso y con un acabado natural que realza la belleza de la piel.<\/p>\n","protected":false},"excerpt":{"rendered":"<p>Rubor altamente pigmentado que aporta un acabado luminoso y natural, dejando la piel suave y uniforme.<\/p>\n","protected":false},"featured_media":3257,"template":"","meta":{"_joinchat":[]},"product_brand":[276],"product_cat":[54,73],"product_tag":[],"class_list":{"0":"post-3242","1":"product","2":"type-product","3":"status-publish","4":"has-post-thumbnail","6":"product_brand-pretty","7":"product_cat-maquillaje","8":"product_cat-rostro","10":"first","11":"instock","12":"shipping-taxable","13":"purchasable","14":"product-type-variable"},"_links":{"self":[{"href":"https:\/\/cosmeticshop.com.co\/index.php?rest_route=\/wp\/v2\/product\/3242","targetHints":{"allow":["GET"]}}],"collection":[{"href":"https:\/\/cosmeticshop.com.co\/index.php?rest_route=\/wp\/v2\/product"}],"about":[{"href":"https:\/\/cosmeticshop.com.co\/index.php?rest_route=\/wp\/v2\/types\/product"}],"wp:featuredmedia":[{"embeddable":true,"href":"https:\/\/cosmeticshop.com.co\/index.php?rest_route=\/wp\/v2\/media\/3257"}],"wp:attachment":[{"href":"https:\/\/cosmeticshop.com.co\/index.php?rest_route=%2Fwp%2Fv2%2Fmedia&parent=3242"}],"wp:term":[{"taxonomy":"product_brand","embeddable":true,"href":"https:\/\/cosmeticshop.com.co\/index.php?rest_route=%2Fwp%2Fv2%2Fproduct_brand&post=3242"},{"taxonomy":"product_cat","embeddable":true,"href":"https:\/\/cosmeticshop.com.co\/index.php?rest_route=%2Fwp%2Fv2%2Fproduct_cat&post=3242"},{"taxonomy":"product_tag","embeddable":true,"href":"https:\/\/cosmeticshop.com.co\/index.php?rest_route=%2Fwp%2Fv2%2Fproduct_tag&post=3242"}],"curies":[{"name":"wp","href":"https:\/\/api.w.org\/{rel}","templated":true}]}}