{"id":3095,"date":"2026-04-20T14:59:03","date_gmt":"2026-04-20T14:59:03","guid":{"rendered":"https:\/\/cosmeticshop.com.co\/?post_type=product&#038;p=3095"},"modified":"2026-04-20T14:59:51","modified_gmt":"2026-04-20T14:59:51","slug":"aceite-coco","status":"publish","type":"product","link":"https:\/\/cosmeticshop.com.co\/?product=aceite-coco","title":{"rendered":"Aceite Coco"},"content":{"rendered":"<p>Su versatilidad permite realizar masajes relajantes, tratamientos capilares y cuidados diarios, facilitando el deslizamiento y potenciando una experiencia sensorial de bienestar. Adem\u00e1s, su aroma natural y suave favorece la relajaci\u00f3n, ayudando a reducir el estr\u00e9s y promover una sensaci\u00f3n de calma.<\/p>\n<p>El resultado es una piel, cabello y u\u00f1as hidratados, revitalizados y con una sensaci\u00f3n de confort y cuidado natural, convirti\u00e9ndolo en un aliado indispensable en tu rutina de belleza y cuidado personal.<\/p>\n","protected":false},"excerpt":{"rendered":"<p>Aceite multiprop\u00f3sito que hidrata, suaviza y nutre piel, cabello y u\u00f1as, dejando una sensaci\u00f3n de bienestar y tersura, sin sensaci\u00f3n grasosa.<\/p>\n","protected":false},"featured_media":3101,"template":"","meta":{"_joinchat":[]},"product_brand":[295],"product_cat":[69,71],"product_tag":[],"class_list":{"0":"post-3095","1":"product","2":"type-product","3":"status-publish","4":"has-post-thumbnail","6":"product_brand-naturals","7":"product_cat-cuidado-corporal","8":"product_cat-hidratacion-profunda","10":"first","11":"instock","12":"shipping-taxable","13":"purchasable","14":"product-type-variable"},"_links":{"self":[{"href":"https:\/\/cosmeticshop.com.co\/index.php?rest_route=\/wp\/v2\/product\/3095","targetHints":{"allow":["GET"]}}],"collection":[{"href":"https:\/\/cosmeticshop.com.co\/index.php?rest_route=\/wp\/v2\/product"}],"about":[{"href":"https:\/\/cosmeticshop.com.co\/index.php?rest_route=\/wp\/v2\/types\/product"}],"wp:featuredmedia":[{"embeddable":true,"href":"https:\/\/cosmeticshop.com.co\/index.php?rest_route=\/wp\/v2\/media\/3101"}],"wp:attachment":[{"href":"https:\/\/cosmeticshop.com.co\/index.php?rest_route=%2Fwp%2Fv2%2Fmedia&parent=3095"}],"wp:term":[{"taxonomy":"product_brand","embeddable":true,"href":"https:\/\/cosmeticshop.com.co\/index.php?rest_route=%2Fwp%2Fv2%2Fproduct_brand&post=3095"},{"taxonomy":"product_cat","embeddable":true,"href":"https:\/\/cosmeticshop.com.co\/index.php?rest_route=%2Fwp%2Fv2%2Fproduct_cat&post=3095"},{"taxonomy":"product_tag","embeddable":true,"href":"https:\/\/cosmeticshop.com.co\/index.php?rest_route=%2Fwp%2Fv2%2Fproduct_tag&post=3095"}],"curies":[{"name":"wp","href":"https:\/\/api.w.org\/{rel}","templated":true}]}}