{"id":3036,"date":"2026-04-15T22:33:28","date_gmt":"2026-04-15T22:33:28","guid":{"rendered":"https:\/\/cosmeticshop.com.co\/?product=aceite-intense-repair"},"modified":"2026-04-15T22:35:32","modified_gmt":"2026-04-15T22:35:32","slug":"aceite-intense-repair","status":"publish","type":"product","link":"https:\/\/cosmeticshop.com.co\/?product=aceite-intense-repair","title":{"rendered":"Aceite Intense Repair"},"content":{"rendered":"<p>Enriquecido con extracto de ar\u00e1ndano y vitaminas, act\u00faa en profundidad fortaleciendo el cabello y protegi\u00e9ndolo de la deshidrataci\u00f3n. Adem\u00e1s, crea una pel\u00edcula protectora que ayuda a reducir el da\u00f1o causado por factores externos y herramientas t\u00e9rmicas.<\/p>\n<p>Su f\u00f3rmula est\u00e1 enriquecida con:<br \/>\n\u2022 Aceite de ar\u00e1ndano \u2192 hidrata profundamente, aporta brillo y ayuda a reparar el cabello da\u00f1ado<br \/>\n\u2022 Complejo de vitaminas \u2192 nutre y fortalece la fibra capilar<br \/>\n\u2022 Agentes emolientes \u2192 suavizan y mejoran la manejabilidad del cabello<\/p>\n<p>Puede utilizarse tanto en cabello h\u00famedo como seco, ya sea antes del secado para facilitar el desenredo y proteger, o como toque final para aportar brillo y suavidad.<\/p>\n","protected":false},"excerpt":{"rendered":"<p>Aceite capilar reparador que hidrata, nutre y aporta brillo al cabello da\u00f1ado sin apelmazar.<\/p>\n","protected":false},"featured_media":3002,"template":"","meta":{"_joinchat":[]},"product_brand":[143],"product_cat":[63],"product_tag":[],"class_list":{"0":"post-3036","1":"product","2":"type-product","3":"status-publish","4":"has-post-thumbnail","6":"product_brand-mood","7":"product_cat-hidratacion-nutricion","9":"first","10":"instock","11":"shipping-taxable","12":"purchasable","13":"product-type-simple"},"_links":{"self":[{"href":"https:\/\/cosmeticshop.com.co\/index.php?rest_route=\/wp\/v2\/product\/3036","targetHints":{"allow":["GET"]}}],"collection":[{"href":"https:\/\/cosmeticshop.com.co\/index.php?rest_route=\/wp\/v2\/product"}],"about":[{"href":"https:\/\/cosmeticshop.com.co\/index.php?rest_route=\/wp\/v2\/types\/product"}],"wp:featuredmedia":[{"embeddable":true,"href":"https:\/\/cosmeticshop.com.co\/index.php?rest_route=\/wp\/v2\/media\/3002"}],"wp:attachment":[{"href":"https:\/\/cosmeticshop.com.co\/index.php?rest_route=%2Fwp%2Fv2%2Fmedia&parent=3036"}],"wp:term":[{"taxonomy":"product_brand","embeddable":true,"href":"https:\/\/cosmeticshop.com.co\/index.php?rest_route=%2Fwp%2Fv2%2Fproduct_brand&post=3036"},{"taxonomy":"product_cat","embeddable":true,"href":"https:\/\/cosmeticshop.com.co\/index.php?rest_route=%2Fwp%2Fv2%2Fproduct_cat&post=3036"},{"taxonomy":"product_tag","embeddable":true,"href":"https:\/\/cosmeticshop.com.co\/index.php?rest_route=%2Fwp%2Fv2%2Fproduct_tag&post=3036"}],"curies":[{"name":"wp","href":"https:\/\/api.w.org\/{rel}","templated":true}]}}