{"id":2910,"date":"2026-04-13T21:34:50","date_gmt":"2026-04-13T21:34:50","guid":{"rendered":"https:\/\/cosmeticshop.com.co\/?product=mascarilla-deco-balayage"},"modified":"2026-04-13T21:36:01","modified_gmt":"2026-04-13T21:36:01","slug":"mascarilla-deco-balayage","status":"publish","type":"product","link":"https:\/\/cosmeticshop.com.co\/?product=mascarilla-deco-balayage","title":{"rendered":"Mascarilla Deco &#038; Balayage"},"content":{"rendered":"<p>Su f\u00f3rmula con Biotech Lemon Complex (rico en vitamina C) ayuda a devolver la luminosidad y el brillo al cabello despu\u00e9s de procesos qu\u00edmicos. Adem\u00e1s, est\u00e1 enriquecida con prote\u00ednas de trigo y soja, que hidratan profundamente y mejoran la manejabilidad del cabello quebradizo.<\/p>\n<p>Puede utilizarse de dos formas:<br \/>\n\u2022 Como mascarilla tradicional (post-shampoo)<br \/>\n\u2022 Como tratamiento intensivo pre-shampoo para mayor nutrici\u00f3n<\/p>\n<p>Esto la convierte en un producto muy vers\u00e1til dentro de la rutina capilar.<\/p>\n","protected":false},"excerpt":{"rendered":"<p>Mascarilla capilar que ilumina, nutre y suaviza el cabello rubio o decolorado, devolviendo brillo y vitalidad.<\/p>\n","protected":false},"featured_media":2864,"template":"","meta":{"_joinchat":[]},"product_brand":[144],"product_cat":[63],"product_tag":[],"class_list":{"0":"post-2910","1":"product","2":"type-product","3":"status-publish","4":"has-post-thumbnail","6":"product_brand-elgon","7":"product_cat-hidratacion-nutricion","9":"first","10":"instock","11":"shipping-taxable","12":"purchasable","13":"product-type-simple"},"_links":{"self":[{"href":"https:\/\/cosmeticshop.com.co\/index.php?rest_route=\/wp\/v2\/product\/2910","targetHints":{"allow":["GET"]}}],"collection":[{"href":"https:\/\/cosmeticshop.com.co\/index.php?rest_route=\/wp\/v2\/product"}],"about":[{"href":"https:\/\/cosmeticshop.com.co\/index.php?rest_route=\/wp\/v2\/types\/product"}],"wp:featuredmedia":[{"embeddable":true,"href":"https:\/\/cosmeticshop.com.co\/index.php?rest_route=\/wp\/v2\/media\/2864"}],"wp:attachment":[{"href":"https:\/\/cosmeticshop.com.co\/index.php?rest_route=%2Fwp%2Fv2%2Fmedia&parent=2910"}],"wp:term":[{"taxonomy":"product_brand","embeddable":true,"href":"https:\/\/cosmeticshop.com.co\/index.php?rest_route=%2Fwp%2Fv2%2Fproduct_brand&post=2910"},{"taxonomy":"product_cat","embeddable":true,"href":"https:\/\/cosmeticshop.com.co\/index.php?rest_route=%2Fwp%2Fv2%2Fproduct_cat&post=2910"},{"taxonomy":"product_tag","embeddable":true,"href":"https:\/\/cosmeticshop.com.co\/index.php?rest_route=%2Fwp%2Fv2%2Fproduct_tag&post=2910"}],"curies":[{"name":"wp","href":"https:\/\/api.w.org\/{rel}","templated":true}]}}