{"id":2900,"date":"2026-04-13T21:34:49","date_gmt":"2026-04-13T21:34:49","guid":{"rendered":"https:\/\/cosmeticshop.com.co\/?product=fijador-capilar-yes-curls-hydra"},"modified":"2026-04-13T21:36:30","modified_gmt":"2026-04-13T21:36:30","slug":"fijador-capilar-yes-curls-hydra","status":"publish","type":"product","link":"https:\/\/cosmeticshop.com.co\/?product=fijador-capilar-yes-curls-hydra","title":{"rendered":"Fijador Capilar Yes Curls Hydra"},"content":{"rendered":"<p>Su textura ligera e imperceptible suaviza la fibra capilar, mejora la definici\u00f3n y elimina el frizz sin dejar residuos ni rigidez. Est\u00e1 enriquecido con Biotech Hydra Oils, que aportan hasta un 53% m\u00e1s de elasticidad, y vitaminas que mejoran el brillo y la salud del cabello.<\/p>\n<p>Beneficios:<br \/>\n\u2022 Hidrata y revitaliza los rizos<br \/>\n\u2022 Reactiva la forma natural del rizo (efecto refresh)<br \/>\n\u2022 Controla el frizz<br \/>\n\u2022 Aporta elasticidad y suavidad<br \/>\n\u2022 No deja residuos ni apelmaza<br \/>\n\u2022 F\u00f3rmula sin alcohol (apta m\u00e9todo curly)<\/p>\n<p>Ideal para usar durante vacaciones, playa o piscina, o como hidratante diario para mantener el cabello saludable y manejable.<\/p>\n","protected":false},"excerpt":{"rendered":"<p>Spray sin enjuague que hidrata, redefine y revitaliza los rizos, aportando elasticidad, suavidad y control del frizz con un acabado ligero.<\/p>\n","protected":false},"featured_media":2814,"template":"","meta":{"_joinchat":[]},"product_brand":[144],"product_cat":[63],"product_tag":[],"class_list":{"0":"post-2900","1":"product","2":"type-product","3":"status-publish","4":"has-post-thumbnail","6":"product_brand-elgon","7":"product_cat-hidratacion-nutricion","9":"first","10":"instock","11":"shipping-taxable","12":"purchasable","13":"product-type-simple"},"_links":{"self":[{"href":"https:\/\/cosmeticshop.com.co\/index.php?rest_route=\/wp\/v2\/product\/2900","targetHints":{"allow":["GET"]}}],"collection":[{"href":"https:\/\/cosmeticshop.com.co\/index.php?rest_route=\/wp\/v2\/product"}],"about":[{"href":"https:\/\/cosmeticshop.com.co\/index.php?rest_route=\/wp\/v2\/types\/product"}],"wp:featuredmedia":[{"embeddable":true,"href":"https:\/\/cosmeticshop.com.co\/index.php?rest_route=\/wp\/v2\/media\/2814"}],"wp:attachment":[{"href":"https:\/\/cosmeticshop.com.co\/index.php?rest_route=%2Fwp%2Fv2%2Fmedia&parent=2900"}],"wp:term":[{"taxonomy":"product_brand","embeddable":true,"href":"https:\/\/cosmeticshop.com.co\/index.php?rest_route=%2Fwp%2Fv2%2Fproduct_brand&post=2900"},{"taxonomy":"product_cat","embeddable":true,"href":"https:\/\/cosmeticshop.com.co\/index.php?rest_route=%2Fwp%2Fv2%2Fproduct_cat&post=2900"},{"taxonomy":"product_tag","embeddable":true,"href":"https:\/\/cosmeticshop.com.co\/index.php?rest_route=%2Fwp%2Fv2%2Fproduct_tag&post=2900"}],"curies":[{"name":"wp","href":"https:\/\/api.w.org\/{rel}","templated":true}]}}