{"id":2872,"date":"2026-04-13T21:34:47","date_gmt":"2026-04-13T21:34:47","guid":{"rendered":"https:\/\/cosmeticshop.com.co\/?product=bronzer-horneado"},"modified":"2026-04-13T21:34:47","modified_gmt":"2026-04-13T21:34:47","slug":"bronzer-horneado","status":"publish","type":"product","link":"https:\/\/cosmeticshop.com.co\/?product=bronzer-horneado","title":{"rendered":"Bronzer Horneado"},"content":{"rendered":"<p>Gracias a su tecnolog\u00eda horneada, ofrece mayor duraci\u00f3n y una pigmentaci\u00f3n intensa, permitiendo modular la intensidad del color seg\u00fan el look deseado. Adem\u00e1s, ayuda a que la piel luzca m\u00e1s lisa, uniforme y con un aspecto radiante durante todo el d\u00eda.<\/p>\n<p>Beneficios:<br \/>\n\u2022 Proporciona un acabado luminoso y natural<br \/>\n\u2022 Aporta alta pigmentaci\u00f3n modulable<br \/>\n\u2022 Ofrece textura suave y f\u00e1cil difuminaci\u00f3n<br \/>\n\u2022 Ayuda a dar un aspecto saludable y radiante<br \/>\n\u2022 Brinda mayor duraci\u00f3n frente a polvos tradicionales<br \/>\n\u2022 Contribuye a una piel m\u00e1s lisa y uniforme<\/p>\n","protected":false},"excerpt":{"rendered":"<p>Bronzer horneado de alta pigmentaci\u00f3n que aporta un tono c\u00e1lido y luminoso, dejando la piel con un acabado radiante y natural.<\/p>\n","protected":false},"featured_media":2649,"template":"","meta":{"_joinchat":[]},"product_brand":[276],"product_cat":[73],"product_tag":[],"class_list":{"0":"post-2872","1":"product","2":"type-product","3":"status-publish","4":"has-post-thumbnail","6":"product_brand-pretty","7":"product_cat-rostro","9":"first","10":"instock","11":"shipping-taxable","12":"purchasable","13":"product-type-simple"},"_links":{"self":[{"href":"https:\/\/cosmeticshop.com.co\/index.php?rest_route=\/wp\/v2\/product\/2872","targetHints":{"allow":["GET"]}}],"collection":[{"href":"https:\/\/cosmeticshop.com.co\/index.php?rest_route=\/wp\/v2\/product"}],"about":[{"href":"https:\/\/cosmeticshop.com.co\/index.php?rest_route=\/wp\/v2\/types\/product"}],"wp:featuredmedia":[{"embeddable":true,"href":"https:\/\/cosmeticshop.com.co\/index.php?rest_route=\/wp\/v2\/media\/2649"}],"wp:attachment":[{"href":"https:\/\/cosmeticshop.com.co\/index.php?rest_route=%2Fwp%2Fv2%2Fmedia&parent=2872"}],"wp:term":[{"taxonomy":"product_brand","embeddable":true,"href":"https:\/\/cosmeticshop.com.co\/index.php?rest_route=%2Fwp%2Fv2%2Fproduct_brand&post=2872"},{"taxonomy":"product_cat","embeddable":true,"href":"https:\/\/cosmeticshop.com.co\/index.php?rest_route=%2Fwp%2Fv2%2Fproduct_cat&post=2872"},{"taxonomy":"product_tag","embeddable":true,"href":"https:\/\/cosmeticshop.com.co\/index.php?rest_route=%2Fwp%2Fv2%2Fproduct_tag&post=2872"}],"curies":[{"name":"wp","href":"https:\/\/api.w.org\/{rel}","templated":true}]}}