{"id":2756,"date":"2026-04-08T21:26:39","date_gmt":"2026-04-08T21:26:39","guid":{"rendered":"https:\/\/cosmeticshop.com.co\/?post_type=product&#038;p=2756"},"modified":"2026-04-08T22:06:20","modified_gmt":"2026-04-08T22:06:20","slug":"shampoo-sublimia-hair-dd","status":"publish","type":"product","link":"https:\/\/cosmeticshop.com.co\/?product=shampoo-sublimia-hair-dd","title":{"rendered":"Shampoo Sublimia Hair DD"},"content":{"rendered":"<p>Gracias a su combinaci\u00f3n de activos, ofrece una acci\u00f3n integral que ayuda a hidratar, aportar brillo, desenredar y dar cuerpo, mientras mejora la manejabilidad y disciplina del cabello. Adem\u00e1s, ejerce un efecto antienvejecimiento capilar, protegiendo la fibra frente a agresiones externas.<\/p>\n<p>Beneficios:<br \/>\n\u2022 Limpia suavemente sin resecar<br \/>\n\u2022 Hidrataci\u00f3n y brillo en un solo paso<br \/>\n\u2022 Desenreda y facilita el peinado<br \/>\n\u2022 Mejora la manejabilidad del cabello<br \/>\n\u2022 Aporta cuerpo y suavidad<br \/>\n\u2022 Acci\u00f3n antienvejecimiento capilar<br \/>\n\u2022 Protege del calor y factores externos<br \/>\n\u2022 Ayuda a prolongar el peinado<br \/>\n\u2022 Protege el color y los rayos UV<\/p>\n<p>Tambi\u00e9n act\u00faa como protector t\u00e9rmico y ayuda a preservar el color, prolongando la duraci\u00f3n del peinado y protegiendo frente a los rayos UV.<\/p>\n","protected":false},"excerpt":{"rendered":"<p>Limpia delicadamente mientras hidrata, protege y mejora la manejabilidad del cabello, aportando suavidad, brillo y un acabado saludable en cada uso.<\/p>\n","protected":false},"featured_media":2759,"template":"","meta":{"_joinchat":[]},"product_brand":[144],"product_cat":[61,62],"product_tag":[],"class_list":{"0":"post-2756","1":"product","2":"type-product","3":"status-publish","4":"has-post-thumbnail","6":"product_brand-elgon","7":"product_cat-cuidado-capilar","8":"product_cat-shampoo","10":"first","11":"instock","12":"shipping-taxable","13":"purchasable","14":"product-type-variable"},"_links":{"self":[{"href":"https:\/\/cosmeticshop.com.co\/index.php?rest_route=\/wp\/v2\/product\/2756","targetHints":{"allow":["GET"]}}],"collection":[{"href":"https:\/\/cosmeticshop.com.co\/index.php?rest_route=\/wp\/v2\/product"}],"about":[{"href":"https:\/\/cosmeticshop.com.co\/index.php?rest_route=\/wp\/v2\/types\/product"}],"wp:featuredmedia":[{"embeddable":true,"href":"https:\/\/cosmeticshop.com.co\/index.php?rest_route=\/wp\/v2\/media\/2759"}],"wp:attachment":[{"href":"https:\/\/cosmeticshop.com.co\/index.php?rest_route=%2Fwp%2Fv2%2Fmedia&parent=2756"}],"wp:term":[{"taxonomy":"product_brand","embeddable":true,"href":"https:\/\/cosmeticshop.com.co\/index.php?rest_route=%2Fwp%2Fv2%2Fproduct_brand&post=2756"},{"taxonomy":"product_cat","embeddable":true,"href":"https:\/\/cosmeticshop.com.co\/index.php?rest_route=%2Fwp%2Fv2%2Fproduct_cat&post=2756"},{"taxonomy":"product_tag","embeddable":true,"href":"https:\/\/cosmeticshop.com.co\/index.php?rest_route=%2Fwp%2Fv2%2Fproduct_tag&post=2756"}],"curies":[{"name":"wp","href":"https:\/\/api.w.org\/{rel}","templated":true}]}}