{"id":2697,"date":"2026-04-07T22:04:30","date_gmt":"2026-04-07T22:04:30","guid":{"rendered":"https:\/\/cosmeticshop.com.co\/?post_type=product&#038;p=2697"},"modified":"2026-04-07T22:04:30","modified_gmt":"2026-04-07T22:04:30","slug":"39-fluido-para-moldear","status":"publish","type":"product","link":"https:\/\/cosmeticshop.com.co\/?product=39-fluido-para-moldear","title":{"rendered":"39 Fluido Para Moldear"},"content":{"rendered":"<p>Ideal para pre-estilizado y retoques finales, facilita el secado con cepillo aportando control, suavidad y cuerpo al cabello. Adem\u00e1s, su textura flexible permite definir ondas o rizos, o lograr peinados m\u00e1s pulidos, adapt\u00e1ndose a todo tipo de t\u00e9cnicas y estilos.<\/p>\n<p>Enriquecido con activos protectores, ayuda a mantener el cabello suave, el\u00e1stico y con brillo, sin dejar residuos grasos. Perfecto tanto en cabello h\u00famedo como seco, es el aliado ideal para quienes buscan versatilidad y resultados profesionales en cada uso.<\/p>\n<p>El resultado: un cabello m\u00e1s definido, ligero y con movimiento natural.<\/p>\n","protected":false},"excerpt":{"rendered":"<p>Moldea tu estilo con libertad, logrando una fijaci\u00f3n ligera, flexible y un acabado natural sin rigidez.<\/p>\n","protected":false},"featured_media":2704,"template":"","meta":{"_joinchat":[]},"product_brand":[144],"product_cat":[61,67],"product_tag":[],"class_list":{"0":"post-2697","1":"product","2":"type-product","3":"status-publish","4":"has-post-thumbnail","6":"product_brand-elgon","7":"product_cat-cuidado-capilar","8":"product_cat-fijador-cera","10":"first","11":"instock","12":"shipping-taxable","13":"purchasable","14":"product-type-variable"},"_links":{"self":[{"href":"https:\/\/cosmeticshop.com.co\/index.php?rest_route=\/wp\/v2\/product\/2697","targetHints":{"allow":["GET"]}}],"collection":[{"href":"https:\/\/cosmeticshop.com.co\/index.php?rest_route=\/wp\/v2\/product"}],"about":[{"href":"https:\/\/cosmeticshop.com.co\/index.php?rest_route=\/wp\/v2\/types\/product"}],"wp:featuredmedia":[{"embeddable":true,"href":"https:\/\/cosmeticshop.com.co\/index.php?rest_route=\/wp\/v2\/media\/2704"}],"wp:attachment":[{"href":"https:\/\/cosmeticshop.com.co\/index.php?rest_route=%2Fwp%2Fv2%2Fmedia&parent=2697"}],"wp:term":[{"taxonomy":"product_brand","embeddable":true,"href":"https:\/\/cosmeticshop.com.co\/index.php?rest_route=%2Fwp%2Fv2%2Fproduct_brand&post=2697"},{"taxonomy":"product_cat","embeddable":true,"href":"https:\/\/cosmeticshop.com.co\/index.php?rest_route=%2Fwp%2Fv2%2Fproduct_cat&post=2697"},{"taxonomy":"product_tag","embeddable":true,"href":"https:\/\/cosmeticshop.com.co\/index.php?rest_route=%2Fwp%2Fv2%2Fproduct_tag&post=2697"}],"curies":[{"name":"wp","href":"https:\/\/api.w.org\/{rel}","templated":true}]}}