{"id":2652,"date":"2026-04-07T20:05:21","date_gmt":"2026-04-07T20:05:21","guid":{"rendered":"https:\/\/cosmeticshop.com.co\/?post_type=product&#038;p=2652"},"modified":"2026-04-08T15:18:28","modified_gmt":"2026-04-08T15:18:28","slug":"decolorante-blonde-white-plus","status":"publish","type":"product","link":"https:\/\/cosmeticshop.com.co\/?product=decolorante-blonde-white-plus","title":{"rendered":"Decolorante Blonde White Plus"},"content":{"rendered":"<p>Perfecto para balayage, mechas o decoloraciones completas, ofrece una textura f\u00e1cil de aplicar que no gotea y brinda mayor control en cada t\u00e9cnica. El resultado: un cabello visiblemente m\u00e1s claro, suave al tacto y con un acabado profesional.<\/p>\n<p>Convierte cada aplicaci\u00f3n en una experiencia de alto nivel y logra resultados que tus clientes van a amar.<\/p>\n","protected":false},"excerpt":{"rendered":"<p>Aclara hasta los tonos m\u00e1s exigentes con un decolorante profesional que cuida el cabello y ofrece resultados uniformes y luminosos.<\/p>\n","protected":false},"featured_media":2720,"template":"","meta":{"_joinchat":[]},"product_brand":[144],"product_cat":[66,61],"product_tag":[],"class_list":{"0":"post-2652","1":"product","2":"type-product","3":"status-publish","4":"has-post-thumbnail","6":"product_brand-elgon","7":"product_cat-coloracion","8":"product_cat-cuidado-capilar","10":"first","11":"instock","12":"shipping-taxable","13":"purchasable","14":"product-type-variable"},"_links":{"self":[{"href":"https:\/\/cosmeticshop.com.co\/index.php?rest_route=\/wp\/v2\/product\/2652","targetHints":{"allow":["GET"]}}],"collection":[{"href":"https:\/\/cosmeticshop.com.co\/index.php?rest_route=\/wp\/v2\/product"}],"about":[{"href":"https:\/\/cosmeticshop.com.co\/index.php?rest_route=\/wp\/v2\/types\/product"}],"wp:featuredmedia":[{"embeddable":true,"href":"https:\/\/cosmeticshop.com.co\/index.php?rest_route=\/wp\/v2\/media\/2720"}],"wp:attachment":[{"href":"https:\/\/cosmeticshop.com.co\/index.php?rest_route=%2Fwp%2Fv2%2Fmedia&parent=2652"}],"wp:term":[{"taxonomy":"product_brand","embeddable":true,"href":"https:\/\/cosmeticshop.com.co\/index.php?rest_route=%2Fwp%2Fv2%2Fproduct_brand&post=2652"},{"taxonomy":"product_cat","embeddable":true,"href":"https:\/\/cosmeticshop.com.co\/index.php?rest_route=%2Fwp%2Fv2%2Fproduct_cat&post=2652"},{"taxonomy":"product_tag","embeddable":true,"href":"https:\/\/cosmeticshop.com.co\/index.php?rest_route=%2Fwp%2Fv2%2Fproduct_tag&post=2652"}],"curies":[{"name":"wp","href":"https:\/\/api.w.org\/{rel}","templated":true}]}}