{"id":2632,"date":"2026-04-06T19:50:14","date_gmt":"2026-04-06T19:50:14","guid":{"rendered":"https:\/\/cosmeticshop.com.co\/?product=acondicionador-colorcare-silver"},"modified":"2026-04-08T22:05:07","modified_gmt":"2026-04-08T22:05:07","slug":"acondicionador-colorcare-silver","status":"publish","type":"product","link":"https:\/\/cosmeticshop.com.co\/?product=acondicionador-colorcare-silver","title":{"rendered":"Acondicionador Colorcare Silver"},"content":{"rendered":"<p>Est\u00e1 formulado para cuidar y realzar la belleza de los cabellos rubios, decolorados o con canas. Su tecnolog\u00eda ayuda a neutralizar los reflejos amarillos no deseados, manteniendo un tono m\u00e1s fr\u00edo y uniforme.<\/p>\n<p>Adem\u00e1s de su acci\u00f3n matizante, proporciona hidrataci\u00f3n profunda, desenreda f\u00e1cilmente y fortalece la fibra capilar, dejando el cabello suave, manejable y con un brillo natural. Es perfecto para complementar la rutina de cuidado del color, protegiendo el cabello de la opacidad y el desgaste diario.<\/p>\n","protected":false},"excerpt":{"rendered":"<p>Acondicionador especializado que neutraliza tonos amarillos no deseados mientras hidrata y suaviza el cabello. Ideal para cabellos rubios, decolorados o con canas, dejando un acabado brillante y saludable.<\/p>\n","protected":false},"featured_media":2719,"template":"","meta":{"_joinchat":[]},"product_brand":[144],"product_cat":[61,64],"product_tag":[],"class_list":{"0":"post-2632","1":"product","2":"type-product","3":"status-publish","4":"has-post-thumbnail","6":"product_brand-elgon","7":"product_cat-cuidado-capilar","8":"product_cat-tratamiento","10":"first","11":"instock","12":"shipping-taxable","13":"purchasable","14":"product-type-variable"},"_links":{"self":[{"href":"https:\/\/cosmeticshop.com.co\/index.php?rest_route=\/wp\/v2\/product\/2632","targetHints":{"allow":["GET"]}}],"collection":[{"href":"https:\/\/cosmeticshop.com.co\/index.php?rest_route=\/wp\/v2\/product"}],"about":[{"href":"https:\/\/cosmeticshop.com.co\/index.php?rest_route=\/wp\/v2\/types\/product"}],"wp:featuredmedia":[{"embeddable":true,"href":"https:\/\/cosmeticshop.com.co\/index.php?rest_route=\/wp\/v2\/media\/2719"}],"wp:attachment":[{"href":"https:\/\/cosmeticshop.com.co\/index.php?rest_route=%2Fwp%2Fv2%2Fmedia&parent=2632"}],"wp:term":[{"taxonomy":"product_brand","embeddable":true,"href":"https:\/\/cosmeticshop.com.co\/index.php?rest_route=%2Fwp%2Fv2%2Fproduct_brand&post=2632"},{"taxonomy":"product_cat","embeddable":true,"href":"https:\/\/cosmeticshop.com.co\/index.php?rest_route=%2Fwp%2Fv2%2Fproduct_cat&post=2632"},{"taxonomy":"product_tag","embeddable":true,"href":"https:\/\/cosmeticshop.com.co\/index.php?rest_route=%2Fwp%2Fv2%2Fproduct_tag&post=2632"}],"curies":[{"name":"wp","href":"https:\/\/api.w.org\/{rel}","templated":true}]}}