{"id":2597,"date":"2026-04-06T03:29:17","date_gmt":"2026-04-06T03:29:17","guid":{"rendered":"https:\/\/cosmeticshop.com.co\/?product=crema-de-afeitado-anti-irritacion"},"modified":"2026-04-06T03:33:20","modified_gmt":"2026-04-06T03:33:20","slug":"crema-de-afeitado-anti-irritacion","status":"publish","type":"product","link":"https:\/\/cosmeticshop.com.co\/?product=crema-de-afeitado-anti-irritacion","title":{"rendered":"Crema de Afeitado Anti-Irritaci\u00f3n"},"content":{"rendered":"<p>Gracias a su combinaci\u00f3n de principios naturales, como aloe vera hidratante y extractos calmantes, esta crema ayuda a mantener la piel suave y protegida antes, durante y despu\u00e9s del afeitado. Adem\u00e1s, ingredientes como la menta aportan una sensaci\u00f3n refrescante que ayuda a combatir el enrojecimiento y la irritaci\u00f3n.<\/p>\n<p>Beneficios:<br \/>\n\u2022 Crea una capa protectora que facilita el deslizamiento de la cuchilla<br \/>\n\u2022 Textura cremosa que cubre m\u00e1s \u00e1rea con menos producto<br \/>\n\u2022 Hidrata profundamente la piel antes del afeitado<br \/>\n\u2022 Reduce el enrojecimiento y la irritaci\u00f3n gracias a sus activos naturales<br \/>\n\u2022 Sensaci\u00f3n refrescante para una piel m\u00e1s calmada y confortable<\/p>\n","protected":false},"excerpt":{"rendered":"<p>Logra un afeitado suave y libre de molestias con esta crema de efecto anti\u2011irritaci\u00f3n, que protege, hidrata y deja tu piel c\u00f3moda y confortable.<\/p>\n","protected":false},"featured_media":2565,"template":"","meta":{"_joinchat":[]},"product_brand":[157],"product_cat":[274],"product_tag":[],"class_list":{"0":"post-2597","1":"product","2":"type-product","3":"status-publish","4":"has-post-thumbnail","6":"product_brand-beardburys","7":"product_cat-masculino","9":"first","10":"instock","11":"shipping-taxable","12":"purchasable","13":"product-type-simple"},"_links":{"self":[{"href":"https:\/\/cosmeticshop.com.co\/index.php?rest_route=\/wp\/v2\/product\/2597","targetHints":{"allow":["GET"]}}],"collection":[{"href":"https:\/\/cosmeticshop.com.co\/index.php?rest_route=\/wp\/v2\/product"}],"about":[{"href":"https:\/\/cosmeticshop.com.co\/index.php?rest_route=\/wp\/v2\/types\/product"}],"wp:featuredmedia":[{"embeddable":true,"href":"https:\/\/cosmeticshop.com.co\/index.php?rest_route=\/wp\/v2\/media\/2565"}],"wp:attachment":[{"href":"https:\/\/cosmeticshop.com.co\/index.php?rest_route=%2Fwp%2Fv2%2Fmedia&parent=2597"}],"wp:term":[{"taxonomy":"product_brand","embeddable":true,"href":"https:\/\/cosmeticshop.com.co\/index.php?rest_route=%2Fwp%2Fv2%2Fproduct_brand&post=2597"},{"taxonomy":"product_cat","embeddable":true,"href":"https:\/\/cosmeticshop.com.co\/index.php?rest_route=%2Fwp%2Fv2%2Fproduct_cat&post=2597"},{"taxonomy":"product_tag","embeddable":true,"href":"https:\/\/cosmeticshop.com.co\/index.php?rest_route=%2Fwp%2Fv2%2Fproduct_tag&post=2597"}],"curies":[{"name":"wp","href":"https:\/\/api.w.org\/{rel}","templated":true}]}}