{"id":1200,"date":"2026-03-23T16:59:42","date_gmt":"2026-03-23T16:59:42","guid":{"rendered":"https:\/\/cosmeticshop.com.co\/?product=tonico-despigmentante"},"modified":"2026-03-23T19:55:52","modified_gmt":"2026-03-23T19:55:52","slug":"tonico-despigmentante","status":"publish","type":"product","link":"https:\/\/cosmeticshop.com.co\/?product=tonico-despigmentante","title":{"rendered":"T\u00f3nico Despigmentante"},"content":{"rendered":"<p>Su f\u00f3rmula con activos despigmentantes y renovadores ayuda a reducir manchas, mejorar la textura de la piel y aportar un tono m\u00e1s uniforme y luminoso.<\/p>\n<p>Beneficios:<br \/>\n\u2022 Ayuda a disminuir manchas y marcas en la piel<br \/>\n\u2022 Unifica el tono y mejora la luminosidad<br \/>\n\u2022 Estimula la renovaci\u00f3n celular<br \/>\n\u2022 Mejora la textura y apariencia del rostro<br \/>\n\u2022 Acci\u00f3n exfoliante suave que elimina c\u00e9lulas muertas<br \/>\n\u2022 Contribuye a una piel m\u00e1s clara, suave y saludable<\/p>\n<p>Gracias a ingredientes como \u00e1cidos AHA y BHA, arbutina y vitamina C, act\u00faa sobre la pigmentaci\u00f3n mientras mejora la calidad de la piel y potencia su brillo natural.<\/p>\n<p>Ideal para incluir en tu rutina facial, ayudando a lograr una piel m\u00e1s uniforme, luminosa y con apariencia renovada.<\/p>\n","protected":false},"excerpt":{"rendered":"<p>S\u00e9rum despigmentante que ayuda a aclarar manchas, unificar el tono y mejorar la luminosidad de la piel.<\/p>\n","protected":false},"featured_media":1110,"template":"","meta":{"_joinchat":[]},"product_brand":[85],"product_cat":[22,59],"product_tag":[],"class_list":{"0":"post-1200","1":"product","2":"type-product","3":"status-publish","4":"has-post-thumbnail","6":"product_brand-organicare","7":"product_cat-cuidado-facial","8":"product_cat-tratamiento-cuidado-facial","10":"first","11":"instock","12":"shipping-taxable","13":"purchasable","14":"product-type-simple"},"_links":{"self":[{"href":"https:\/\/cosmeticshop.com.co\/index.php?rest_route=\/wp\/v2\/product\/1200","targetHints":{"allow":["GET"]}}],"collection":[{"href":"https:\/\/cosmeticshop.com.co\/index.php?rest_route=\/wp\/v2\/product"}],"about":[{"href":"https:\/\/cosmeticshop.com.co\/index.php?rest_route=\/wp\/v2\/types\/product"}],"wp:featuredmedia":[{"embeddable":true,"href":"https:\/\/cosmeticshop.com.co\/index.php?rest_route=\/wp\/v2\/media\/1110"}],"wp:attachment":[{"href":"https:\/\/cosmeticshop.com.co\/index.php?rest_route=%2Fwp%2Fv2%2Fmedia&parent=1200"}],"wp:term":[{"taxonomy":"product_brand","embeddable":true,"href":"https:\/\/cosmeticshop.com.co\/index.php?rest_route=%2Fwp%2Fv2%2Fproduct_brand&post=1200"},{"taxonomy":"product_cat","embeddable":true,"href":"https:\/\/cosmeticshop.com.co\/index.php?rest_route=%2Fwp%2Fv2%2Fproduct_cat&post=1200"},{"taxonomy":"product_tag","embeddable":true,"href":"https:\/\/cosmeticshop.com.co\/index.php?rest_route=%2Fwp%2Fv2%2Fproduct_tag&post=1200"}],"curies":[{"name":"wp","href":"https:\/\/api.w.org\/{rel}","templated":true}]}}