{"id":1197,"date":"2026-03-23T16:59:41","date_gmt":"2026-03-23T16:59:41","guid":{"rendered":"https:\/\/cosmeticshop.com.co\/?product=serum-niacinamida"},"modified":"2026-03-23T17:11:50","modified_gmt":"2026-03-23T17:11:50","slug":"serum-niacinamida","status":"publish","type":"product","link":"https:\/\/cosmeticshop.com.co\/?product=serum-niacinamida","title":{"rendered":"S\u00e9rum Niacinamida"},"content":{"rendered":"<p>Su f\u00f3rmula con niacinamida (Vitamina B3) y \u00e1cido hialur\u00f3nico ayuda a equilibrar la piel, mejorar su textura y aportar luminosidad, logrando un rostro m\u00e1s uniforme y saludable.<\/p>\n<p>Beneficios:<br \/>\n\u2022 Controla la producci\u00f3n de grasa y reduce el brillo<br \/>\n\u2022 Minimiza la apariencia de poros<br \/>\n\u2022 Ayuda a unificar el tono y reducir manchas<br \/>\n\u2022 Mejora la textura y luminosidad de la piel<br \/>\n\u2022 Estimula la producci\u00f3n de col\u00e1geno y elasticidad<br \/>\n\u2022 Aporta hidrataci\u00f3n sin sensaci\u00f3n grasosa<\/p>\n<p>Gracias a su textura ligera y de r\u00e1pida absorci\u00f3n, es ideal para todo tipo de piel, especialmente piel mixta o grasa, dejando el rostro m\u00e1s suave, equilibrado y con aspecto saludable d\u00eda tras d\u00eda.<\/p>\n","protected":false},"excerpt":{"rendered":"<p>S\u00e9rum de niacinamida que controla la grasa, unifica el tono y mejora la textura de la piel.<\/p>\n","protected":false},"featured_media":1101,"template":"","meta":{"_joinchat":[]},"product_brand":[85],"product_cat":[22,59],"product_tag":[],"class_list":{"0":"post-1197","1":"product","2":"type-product","3":"status-publish","4":"has-post-thumbnail","6":"product_brand-organicare","7":"product_cat-cuidado-facial","8":"product_cat-tratamiento-cuidado-facial","10":"first","11":"instock","12":"shipping-taxable","13":"purchasable","14":"product-type-simple"},"_links":{"self":[{"href":"https:\/\/cosmeticshop.com.co\/index.php?rest_route=\/wp\/v2\/product\/1197","targetHints":{"allow":["GET"]}}],"collection":[{"href":"https:\/\/cosmeticshop.com.co\/index.php?rest_route=\/wp\/v2\/product"}],"about":[{"href":"https:\/\/cosmeticshop.com.co\/index.php?rest_route=\/wp\/v2\/types\/product"}],"wp:featuredmedia":[{"embeddable":true,"href":"https:\/\/cosmeticshop.com.co\/index.php?rest_route=\/wp\/v2\/media\/1101"}],"wp:attachment":[{"href":"https:\/\/cosmeticshop.com.co\/index.php?rest_route=%2Fwp%2Fv2%2Fmedia&parent=1197"}],"wp:term":[{"taxonomy":"product_brand","embeddable":true,"href":"https:\/\/cosmeticshop.com.co\/index.php?rest_route=%2Fwp%2Fv2%2Fproduct_brand&post=1197"},{"taxonomy":"product_cat","embeddable":true,"href":"https:\/\/cosmeticshop.com.co\/index.php?rest_route=%2Fwp%2Fv2%2Fproduct_cat&post=1197"},{"taxonomy":"product_tag","embeddable":true,"href":"https:\/\/cosmeticshop.com.co\/index.php?rest_route=%2Fwp%2Fv2%2Fproduct_tag&post=1197"}],"curies":[{"name":"wp","href":"https:\/\/api.w.org\/{rel}","templated":true}]}}